-6 + n. What is the tens digit of k?
7
What is the thousands digit of (-4)/(6/28*28/(-1932))?
1
Let h(l) be the second derivative of -l**5/4 - l**4/3 - l**3 - l**2 + 6*l. What is the hundreds digit of h(-3)?
1
Suppose 5*z = -x + 1, -5*x + 5 = -3*z - 0*x. Suppose -4*n + 4*f + 48 = 0, 3*n - 4*f - 10 - 31 = z. Let g(l) = l**2 - 14. What is the units digit of g(n)?
5
Suppose 0 = -5*z + 6 - 16. Let f be ((-8)/(-6) + z)*-3. Suppose f*g = 42 + 64. What is the units digit of g?
3
Let k be ((-2)/7)/((-7)/(-98)). Suppose -3*y - 48 = -y. Let c = k - y. What is the tens digit of c?
2
Suppose 4*g = 6*g - 10. Suppose -651 = -g*p + 84. What is the hundreds digit of p?
1
Suppose -4*i = -2*i - 100. What is the hundreds digit of (0 + i)/(4 + (-14)/4)?
1
Suppose 3*z - 632 = -203. Let t = 252 - z. What is the units digit of t?
9
Suppose 4*f = -8, -f - 184 = -i + 136. Suppose 9*l - i - 267 = 0. What is the units digit of l?
5
Let f be (26/(-78))/((-2)/30). Suppose -f*h + 4*k + 102 = 0, -3*k - 2*k - 56 = -3*h. What is the units digit of h?
2
What is the units digit of (2 - (-31)/4)/((-2)/(-144))?
2
Let g(w) = -2*w + 1 + w**2 + 3*w**3 - 1. Suppose -5*v - 2*k + 3*k + 9 = 0, 0 = 5*v + 2*k - 12. What is the units digit of g(v)?
4
Suppose y = -4*l - l + 35, 0 = 3*l + 2*y - 14. Let x(c) = -c**3 + 8*c**2 - c + 11. Let m be x(l). Suppose -87 = -m*b + 60. What is the units digit of b?
9
Suppose 15860 = -y + 6*y + 3*t, -15860 = -5*y - t. What is the tens digit of (-9)/15 + y/20?
5
Suppose -3*u - f + 42 = -60, 30 = u - f. Let w = 154 + u. What is the hundreds digit of w?
1
Let a(o) be the third derivative of 1/60*o**5 - 7*o**2 + o**3 + 0*o + 0 - 1/12*o**4. What is the units digit of a(6)?
0
Let y(b) = -b**3 - 8*b**2 - 14*b - 6. Let k be y(-6). Suppose -k*c + 255 = -c. Suppose c = 3*r - 0. What is the units digit of r?
7
Suppose 2*v + 484 = h + 1758, 2*v + 4*h = 1254. What is the hundreds digit of v?
6
Let r(o) be the second derivative of o**5/15 + o**4/4 + o**3/2 + o**2/2 - 2*o. Let l(w) be the first derivative of r(w). What is the units digit of l(-4)?
3
Suppose -31 + 94 = 3*w. Let d = -9 - -7. What is the units digit of 2/d + w + 4?
4
Suppose -12 = -5*l + 18. Suppose b - l*b + 380 = 0. What is the units digit of b?
6
Suppose -m = 2*m - 3. Let l = m + 63. What is the units digit of l?
4
What is the hundreds digit of 10754/10 - (5 - 364/65)?
0
Suppose -5*k = -2*a - 6397, 5*k - 6417 = -27*a + 24*a. What is the units digit of k?
1
Let n(o) = 3*o + 2. Let k be n(-4). Let p(d) = d**2 - 7*d - 2. What is the tens digit of p(k)?
6
What is the units digit of (2594/4 + 66/(-44))*2?
4
Suppose 39 = 8*w + 5*w. Let u = 118 - 30. What is the units digit of 8/(-24) + u/w?
9
Let r = 1821 - 467. What is the units digit of r?
4
Let v = -9 + 14. Suppose 2*w - 39 = -r - 2*w, -v*r + 179 = 4*w. What is the units digit of r?
5
Suppose 17*g = 15*g + 2326. Suppose -5*o + 2*i + 783 = -383, 0 = -5*o + i + g. What is the hundreds digit of o?
2
What is the hundreds digit of -907*(-1)/(-2)*14/(-7)?
9
Let v = 440 - -84. What is the tens digit of v?
2
Suppose 16*q - 315 = 101. What is the tens digit of q?
2
Let j be 66/14 + -1 + (-16)/(-56). Let n = 7 + -7. Suppose -2*w + 4*q + 4 = n, -w + 12 = 2*w - j*q. What is the units digit of w?
8
What is the units digit of 1454 + 4/(-14)*(-28)/4?
6
Suppose 49*d + 4*d = 36464. What is the units digit of d?
8
Let c = -101 - -1128. What is the thousands digit of c?
1
Suppose -23*o + 3542 = -0. What is the units digit of o?
4
Let i be 8 + -4 + 6/3. Suppose i*q = 5*q - 21. Let x = 3 - q. What is the tens digit of x?
2
Let k be -3*((3 - 4) + 0). Suppose -5*t - 65 = -3*c + 50, 0 = k*c + 3*t - 99. Let r = c - 24. What is the units digit of r?
1
Let y(n) = 561*n + 64. What is the hundreds digit of y(1)?
6
Let k(z) = 4*z**2 + 46*z - 266. What is the hundreds digit of k(7)?
2
Suppose -2*q = -28 - 8. What is the units digit of q?
8
Let j(z) = z**2 - 4. Let u be j(3). Suppose 4*r = u*r. Suppose -t + 4*g = -15, r = -t - 2*t + 2*g + 35. What is the tens digit of t?
1
Let v = 7633 - 5371. What is the tens digit of v?
6
Let d = 2 + -5. Let q(n) be the second derivative of -7*n**3/3 - 3*n**2/2 - 14*n. What is the tens digit of q(d)?
3
Let b(z) = -z - 13. Suppose 0 = -4*k, 85 = -4*g - g - 5*k. Let s be b(g). Suppose -101 - 147 = -s*t. What is the tens digit of t?
6
Let s be 55/2*42/35. Suppose 0 = -2*l + s + 61. What is the units digit of l?
7
Let u(g) = -2*g + 1 + 0*g + 0 + 5*g. Let v be u(2). Let r(x) = 5*x - 2. What is the tens digit of r(v)?
3
Let v = 1505 - -94. What is the thousands digit of v?
1
Let b = -1292 + 1874. What is the tens digit of b?
8
Let i = 4920 - 2803. What is the units digit of i?
7
Suppose 4*f + 1658 = 2*o, -5*o + 0*f + 4145 = -f. What is the tens digit of o?
2
Suppose 94 = 3*t - 2. What is the units digit of t?
2
Let j(v) = -2*v**2 - 26*v - 13. Let q(r) = r**2 - 8*r - 20. Let i be q(9). What is the units digit of j(i)?
1
Let q be 14/35 + 4/(-10). Let b(c) = -c**2 + 23. What is the units digit of b(q)?
3
Suppose 1279 = 4*z - 15*k + 14*k, 2*z - 645 = -5*k. What is the units digit of z?
0
Let f(d) = d + 1. Let c be f(-4). Let x(l) = 10*l**2 + l - 6. What is the units digit of x(c)?
1
Let x(d) = -14*d**2 + 4. Let c(h) = -33*h**2 + 60*h**2 - h - 8 + 0*h. Let a(t) = 4*c(t) + 7*x(t). What is the tens digit of a(-2)?
4
Suppose -5*s - 3*n = -257, 0 = -n - 0*n - 1. Let z = 108 - s. What is the tens digit of z?
5
Suppose 5*z - 3 = u - 8, -2*u + 2*z + 10 = 0. Suppose -10*s = u*s - 1770. What is the units digit of s?
8
Let a be (1 + -1)/(-16 + 14). Suppose 5*r = -a*r - 195. What is the tens digit of ((-22)/3)/(26/r)?
1
Let l = -389 + 673. What is the tens digit of l?
8
Let i(d) = -d**2 + 73*d + 209. What is the units digit of i(58)?
9
Suppose -2*v = -4*w + 102, 5*w = 3*v + 54 + 101. Let y = 2 - v. What is the units digit of y?
7
Suppose -2*v = -d - 4, v - 2*d = -v. What is the tens digit of 860/8 - (-2)/v?
0
Suppose 3*w + 147 = 3*d, 107 = -6*d + 8*d + w. What is the tens digit of d?
5
Suppose -2*k - 2*k = -64. Suppose -k = -6*b + 4*b. What is the units digit of b?
8
Suppose -5*q = -3 - 2. Let w = q + 20. What is the tens digit of w?
2
Suppose 17*n - 44286 = -16*n. What is the hundreds digit of n?
3
Let z(w) = w + 8. Suppose -8 = 5*c + 3*p, -5*p = -4*p - 4. Let i be z(c). Suppose -12 + 128 = i*k. What is the units digit of k?
9
Let g be (-14)/(-4) + (-9)/18. Suppose -234 = 4*n - 3*o - 24, 3*n - g*o + 159 = 0. Let k = n - -87. What is the units digit of k?
6
Suppose 0 = 383*m - 396*m + 5512. What is the units digit of m?
4
Let i = 951 + 1693. What is the tens digit of i?
4
Suppose 30*j - 3*n + 7424 = 32*j, -4*j + 5*n = -14870. What is the hundreds digit of j?
7
Let s(l) = 5*l**2 - 14*l - 82. What is the units digit of s(-22)?
6
Let p(w) = -w**3 - 4*w**2 - 4*w - 2. Let j be p(-3). Let f be 17 + -7 + 3 + j. Let n(i) = -i**3 + 13*i**2 + 16*i - 8. What is the tens digit of n(f)?
2
Let h be 1*(0 + 0 - -5). Let u(m) = -m**2 + 19*m - 11. Let d(r) = -r**2 + 29*r - 17. Let y(x) = 5*d(x) - 8*u(x). What is the tens digit of y(h)?
4
Let u be (-48)/10 - (-18)/(-90). Let c(a) = -5*a + 1. What is the units digit of c(u)?
6
Let n = -24 + 40. Suppose -h - n = -3*h. What is the tens digit of (5 - h)*(-22)/3?
2
Let h = -6 - -9. Let f(z) = -11*z**2 - 6 + 8*z + 12*z**3 - h*z**3 - 7 - 10*z**3. What is the units digit of f(-12)?
5
Let b = 40 + -40. Suppose b = -0*r + 2*r - 4. Suppose -5*w + 3*d + 186 = 0, 3*w - 192 = -r*w + d. What is the tens digit of w?
3
Suppose 63*y + 453 = 66*y. Let n = y + -37. What is the units digit of n?
4
Let i(h) = 440*h**2 + 70*h + 214. What is the tens digit of i(-3)?
6
Let f(y) = -y**2 - 10*y. Let c(j) = j**3 + j**2 - 2. Let s be c(0). Let t be (-12)/(-3)*s + 1. What is the units digit of f(t)?
1
Let w be (-27)/6*(-2)/3. Suppose -w*h = -84 - 54. What is the tens digit of h?
4
Let s(v) = 5*v**2 - 11*v - 9. What is the hundreds digit of s(-8)?
3
Let r(t) = -t + 2. Let o be r(2). Suppose 2*b - b - 54 = o. What is the tens digit of b?
5
Let t be -3 + 3 - 32/(-2). Let f = t - 18. What is the units digit of (f - -2 - -5)*1?
5
Let g(l) = l - 16. Let x be 18 - (-1)/(-2)*4. Let q be g(x). Suppose q = 3*b + f - 2, 4*b + 1 + 11 = -5*f. What is the units digit of b?
2
Suppo